15147621
In base 9, what is 7 - 118042151?
-118042143
In base 9, what is -8243 + 780?
-7353
In base 2, what is -10111100110100000101 + -10001?
-10111100110100010110
In base 9, what is 5025648 - -23?
5025672
In base 14, what is 46b1095 - -12?
46b10a7
In base 3, what is -20202 + -212011220102?
-212012011011
In base 16, what is -48 - -205c7?
2057f
In base 13, what is 51553c + -51?
5154bb
In base 13, what is 85782 + 4?
85786
In base 10, what is -2 + -2591436?
-2591438
In base 2, what is 10 + -1110110110111011110001?
-1110110110111011101111
In base 14, what is -48d4 - 160a?
-6100
In base 6, what is 5 - 31245120?
-31245111
In base 5, what is 3240 - 143220323?
-143212033
In base 13, what is 1 + -10c5837?
-10c5836
In base 15, what is -2c4058 - 0?
-2c4058
In base 12, what is -43b29496 + -3?
-43b29499
In base 9, what is -7 - 31715317?
-31715325
In base 3, what is 211 + -210122211212?
-210122211001
In base 4, what is 22 - -230021133112?
230021133200
In base 14, what is 15 + -331cb0?
-331c99
In base 4, what is 1002120 - -3311032?
10313212
In base 8, what is -4755354310 + -1?
-4755354311
In base 13, what is -4bb607b5 + 0?
-4bb607b5
In base 13, what is -a0 - -13079?
12ca9
In base 12, what is -42011463 - 0?
-42011463
In base 9, what is 7538 - -5388?
14037
In base 13, what is -3b56 + 12411?
b588
In base 7, what is 6 + -114134064?
-114134055
In base 2, what is 100 + 1101001111100111100001011?
1101001111100111100001111
In base 10, what is 381764 - -284?
382048
In base 13, what is 1411 - 3478?
-2067
In base 6, what is 0 + 12554121305?
12554121305
In base 6, what is 1310452504 - 12?
1310452452
In base 12, what is 93 - -54566?
54639
In base 15, what is -21bdb - 8e?
-21c7a
In base 2, what is -1110000100110 + 10001001100?
-1011111011010
In base 16, what is 20a4 + -38a6?
-1802
In base 11, what is -37 + 31a7aaa?
31a7a73
In base 4, what is -10313310200 + -12?
-10313310212
In base 5, what is -303343113 + -2?
-303343120
In base 12, what is -3 - 35a3b79?
-35a3b80
In base 12, what is 3 + -1315147?
-1315144
In base 7, what is -4446 - -106324?
101545
In base 11, what is 3 + 819063?
819066
In base 11, what is -3 + 3897495?
3897492
In base 10, what is 213439 - -84?
213523
In base 12, what is 3466216 + 1?
3466217
In base 15, what is -379a4a + 37?
-379a13
In base 5, what is -22240320 + -4012?
-22244332
In base 8, what is -16006325 + 0?
-16006325
In base 15, what is -5 + 1ba712?
1ba70c
In base 7, what is 0 - -2606516230?
2606516230
In base 7, what is 152611 + -102154?
50424
In base 5, what is -104044 - 121214?
-230313
In base 14, what is -4 - -ca7c301?
ca7c2db
In base 16, what is bf4b78 + 5?
bf4b7d
In base 10, what is -97575116 + -1?
-97575117
In base 3, what is 10022200021001 - 110100?
10022122210201
In base 11, what is 0 - -85673?
85673
In base 4, what is 222023 - -213302?
1101331
In base 3, what is -11210022212 - 2012210?
-11212112122
In base 4, what is 1 + -21332232100?
-21332232033
In base 14, what is 8 - 4785c87?
-4785c7d
In base 8, what is 1166 - -65063?
66251
In base 4, what is -233 - -1132223?
1131330
In base 10, what is 1117 - -8002?
9119
In base 16, what is -138 - -2eaf1?
2e9b9
In base 3, what is -12102210112 - 10?
-12102210122
In base 11, what is -1567396 + -aa?
-1567495
In base 11, what is -3 + -416231a?
-4162322
In base 14, what is 0 - -1a3ab37?
1a3ab37
In base 10, what is -318 - -80490?
80172
In base 16, what is 14 + 8944a?
8945e
In base 10, what is 13 - 2238804?
-2238791
In base 7, what is -1133 + 665616?
664453
In base 6, what is -1 + 300405113?
300405112
In base 12, what is 8979 - 3a23?
4b56
In base 5, what is -3244014 + 313?
-3243201
In base 6, what is 255111124 + -5?
255111115
In base 16, what is -4 - -668c4e?
668c4a
In base 3, what is -100211001 - -112120100?
11202022
In base 16, what is abb + -cd6?
-21b
In base 3, what is 1000122011 - 10010?
1000112001
In base 6, what is 45313112 - -3?
45313115
In base 3, what is -1102101000201 + 1120?
-1102100222011
In base 12, what is 4b + -80136?
-800a7
In base 11, what is 1355048 - -11?
1355059
In base 13, what is 1b33a25 + -1?
1b33a24
In base 9, what is 3 + 10653684?
10653687
In base 12, what is 1 - 29b14b8?
-29b14b7
In base 4, what is 220 + -20201310210?
-20201303330
In base 12, what is -11b2 + 14124?
12b32
In base 3, what is -1110 - -101010001120012?
101010001111202
In base 16, what is 65f71 + 5e?
65fcf
In base 5, what is -12 + 32433012?
32433000
In base 14, what is -10434a - -1a?
-104330
In base 3, what is 22100202112220120 + 2?
22100202112220122
In base 5, what is 40 - -4401230?
4401320
In base 10, what is -203679107 + -4?
-203679111
In base 9, what is -124 + 140680?
140555
In base 2, what is 10 - 1111010111001110101000?
-1111010111001110100110
In base 5, what is -10103 - 413042?
-423200
In base 14, what is 4c70bca - -2?
4c70bcc
In base 3, what is 12001102 + -122011010111?
-121222002002
In base 9, what is -5 + -120326604?
-120326610
In base 12, what is 1724 - 1903?
-19b
In base 16, what is -637 + -12a9?
-18e0
In base 10, what is 32 + 2204188?
2204220
In base 5, what is -32 - 22020201?
-22020233
In base 3, what is 12111 - -1022012221000?
1022020010111
In base 5, what is 0 - 202043002?
-202043002
In base 7, what is 33106542 - -5?
33106550
In base 15, what is 380806 - 29?
3807cc
In base 9, what is 338 - 61788?
-61450
In base 13, what is 4 - 1ab526a?
-1ab5266
In base 4, what is -1 - 221301222203?
-221301222210
In base 9, what is -5 + -3420130?
-3420135
In base 4, what is 33120132322103 + -11?
33120132322032
In base 10, what is 92766 + 182?
92948
In base 15, what is dd5 + 225cc?
234b2
In base 12, what is -4 + 608a3b54?
608a3b50
In base 8, what is -552 + 47134?
46362
In base 7, what is 1141 + 131544?
133015
In base 9, what is 140655044 + 1?
140655045
In base 10, what is -953231 - 5?
-953236
In base 14, what is -1a84c94 - -3?
-1a84c91
In base 6, what is 5315 + 522022?
531341
In base 14, what is 17 - -4d5b45?
4d5b5c
In base 13, what is -5c - 61084?
-61113
In base 7, what is -2 - 63536443?
-63536445
In base 8, what is -2720 - 56573?
-61513
In base 5, what is -244022234044 + 1?
-244022234043
In base 9, what is -2 - -43673446?
43673444
In base 14, what is 1 - -253a66?
253a67
In base 10, what is 1424 + -360702?
-359278
In base 12, what is -127356 + 5?
-127351
In base 3, what is 101112211212 + -1012?
101112210200
In base 5, what is -3422340221 + 0?
-3422340221
In base 3, what is 2210122011110020 - -10?
2210122011110100
In base 3, what is -1200022100221 - 22?
-1200022101020
In base 14, what is -cb10 - 577?
-d287
In base 10, what is 293 - -1883?
2176
In base 12, what is -9a + -74572?
-74650
In base 15, what is -eb20 + -394?
-eeb4
In base 12, what is -157 + -187711?
-187868
In base 12, what is 950 + 4598a?
4671a
In base 7, what is 326 + -324103?
-323444
In base 10, what is -407 - -770563?
770156
In base 8, what is -130 + 24353415?
24353265
In base 3, what is 11 - -21201202100120000?
21201202100120011
In base 7, what is 221166 - 3562?
214304
In base 2, what is -1011100010010010010100100 - -10?
-1011100010010010010100010
In base 7, what is -36003 - -1321622?
1252616
In base 6, what is -54 - 302453155?
-302453253
In base 15, what is 0 + -3304d7?
-3304d7
In base 2, what is -10111100001110101000001011001 + 1?
-10111100001110101000001011000
In base 10, what is 3 - -9868210?
9868213
In base 7, what is -22 + 406444?
406422
In base 7, what is -204132 + 556?
-203243
In base 5, what is -104333014400 + 100?
-104333014300
In base 3, what is -1101122201 - -11202200?
-1012220001
In base 5, what is -1 - -103420130?
103420124
In base 9, what is -27220104 - -10?
-27220084
In base 10, what is 32143 + -295?
31848
In base 2, what is -100000100111101 + -10000111010?
-100010101110111
In base 15, what is 7db6a - 7?
7db63
In base 2, what is 10101101111010 - 1010111?
10101100100011
In base 13, what is -5a2 + 205535?
204c63
In base 13, what is -a48b0b7 - 13?
-a48b0ca
In base 6, what is -51425103241 + -2?
-51425103243
In base 15, what is 15 - -13d0931?
13d0946
In base 16, what is 39 - df3?
-dba
In base 14, what is 3c592 + -a7?
3c4c9
In base 9, what is -1 - 442322021?
-442322022
In base 14, what is 76b + -b725?
-ad98
In base 5, what is -4 + 1300204143?
1300204134
In base 14, what is -4 - -3225c7?
3225c3
In base 2, what is 1010101001 + 101100010000010111?
